5, -2*s - 136 = -5*o + 609. What is the remainder when o is divided by 37?
36
Let u = 5 + -2. Suppose -8 = -u*h + 28. Let m = 79 - 33. Calculate the remainder when m is divided by h.
10
Suppose 2*y - 254 = 43*q - 41*q, -y - 2*q + 130 = 0. Calculate the remainder when y is divided by 47.
34
Let i = 16982 + -16980. Let t = -16 + 44. What is the remainder when t is divided by i?
0
Let c be (52/8)/(1/(-2)). Let q = 31 + c. Calculate the remainder when q is divided by 5.
3
Let g be (-694)/(-5) + (-2 - (-11)/5). Suppose 4*f + 15 - g = -4*z, -2*f - 5*z = -68. What is the remainder when f is divided by 10?
9
Suppose 0 = -5*c + 4*w + 71, 2*w - 16 = -5*c + 61. What is the remainder when 133 is divided by c?
13
Suppose -48 = -2*p + 36. What is the remainder when p is divided by 15?
12
Suppose n - 2*d + 2 = 12, 3*d = 3*n - 30. Let u(y) = 7*y + 1. Let a be u(2). Let r = a - -2. Calculate the remainder when r is divided by n.
7
Let a(v) be the first derivative of 3*v**2/2 - 7*v - 9. Calculate the remainder when 67 is divided by a(7).
11
Let b be (2/(-6))/1*-33. Suppose -18 = -o - 5*t, -b = 2*t - 5. What is the remainder when 64 is divided by o?
31
Suppose -2*d - 3*d = 2*p + 21, 0 = 4*p + 3*d + 21. What is the remainder when ((-178)/p)/(6/9) is divided by 24?
17
Let v = 118 + -107. Calculate the remainder when 481 is divided by v.
8
Let g = -416 - -773. Calculate the remainder when g is divided by 26.
19
Let j = 88 + 3. What is the remainder when 197 is divided by j?
15
Let j be (0 + -1 - -2) + -14. Let y(f) be the first derivative of -f**4/4 - 13*f**3/3 - f**2/2 + 4*f + 56. Calculate the remainder when 49 is divided by y(j).
15
Let y(r) = -r**3 - 21*r**2 + 20*r - 4. Calculate the remainder when (-5)/(10/119)*-2 is divided by y(-22).
39
Let w = -228 - -242. Calculate the remainder when 110 is divided by w.
12
Let m = 1837 - 1293. What is the remainder when m is divided by 178?
10
Suppose 18*j - 7931 + 1487 = 0. Let i = 551 - j. Calculate the remainder when i is divided by 28.
25
Let m be (-4)/(-6) - 1/(-3). Suppose m = -11*r + 12*r. Suppose 13 = b - r. Calculate the remainder when 39 is divided by b.
11
Let c(y) = -56*y + 2. What is the remainder when c(-2) is divided by 4?
2
What is the remainder when 200 - (-14 - (-11 - -5)) is divided by 36?
28
Let a(k) = -4*k - 26. Let s be a(-11). Suppose s*c = 14*c + 48. Let b(o) = -6*o + 2. Calculate the remainder when b(-7) is divided by c.
8
Let r(m) = -m**2 - 8*m + 9. What is the remainder when (188 - -2)*(-4)/(-16)*2 is divided by r(-5)?
23
Let q(l) = -16*l + 8. Let c be q(8). Calculate the remainder when ((-270)/c)/(1/52) is divided by 31.
24
What is the remainder when 1425 is divided by -30*132/(-55) + -4?
65
Calculate the remainder when 19 is divided by 58/18 - (-4)/(-18).
1
Let r = -1 + 3. What is the remainder when (r + -5)/(1/(-6)) is divided by (4/(-16))/((-110)/(-56) - 2)?
4
Suppose 2*c = 8 + 2, 0 = f - 5*c + 205. What is the remainder when 62 is divided by (-2)/(-3)*-3*f/40?
8
Suppose -3*j + 1 + 8 = 0. Suppose j*i + 2*u - 28 = i, -5*u - 83 = -4*i. Suppose -36 = 3*r - 7*r. What is the remainder when i is divided by r?
8
Suppose -4*m + 179 = n, -137 = 3*m - 6*m + 2*n. Calculate the remainder when 89 is divided by m.
44
Suppose -r + 12 = 2*j, 5*r - 4*r + 9 = 5*j. What is the remainder when 31 is divided by (2/6)/(2/288*r)?
7
Suppose -34 = -k - 2*d, -49 = -2*k - 2*d + 21. Suppose 2*y = -0*y + k. Let l(j) = -j**2 - j + 10. What is the remainder when y is divided by l(0)?
8
Calculate the remainder when (-13)/((72/(-10))/1 + 7) is divided by 33.
32
Let s = -86 + 155. What is the remainder when s is divided by 68?
1
Suppose 67 + 108 = 25*l. Calculate the remainder when 698 is divided by l.
5
What is the remainder when 64 is divided by (-16)/(-136) - 185/(-17)?
9
Suppose 12 = l + 4*s, 16 = 5*l + s - 3*s. Let f(k) = -k + l*k + 6*k. What is the remainder when 17 is divided by f(1)?
8
Let y = -176 + 146. Let b = y - -63. Calculate the remainder when 130 is divided by b.
31
Let r(l) = 2*l**3 - 42*l**2 + 109*l + 15. What is the remainder when 423 is divided by r(18)?
27
Suppose -715 = -4*k + o, -5*o - 36 = -k + 119. What is the remainder when (6*3/(-15))/((-2)/k) is divided by 29?
21
Let k = -10 + 16. Suppose 3*m - 13 = -t, -5*m = 10*t - 5*t - 55. Calculate the remainder when t is divided by k.
4
Let t(a) = -a + 12. Let q(d) = d**2 + 8*d + 12. Let p be q(-6). Suppose p = 3*k + 26 - 101. What is the remainder when k is divided by t(5)?
4
Suppose -4*o - 7*o = -429. Calculate the remainder when 112 is divided by o.
34
Let c(l) = -l**3 + 2*l**2 + 3*l. Let w be c(3). Suppose -u = -w*u - 30. What is the remainder when u is divided by 22/(-66) + 50/6?
6
Let n be ((-15)/(-9))/((-15)/(-54)). Let x(o) = -o**3 + 10*o**2 - 17*o - 7. Calculate the remainder when x(n) is divided by 18.
17
Let q = 30 - 9. What is the remainder when (100/15)/(-10) - (-182)/3 is divided by q?
18
Suppose 0*m - m + 97 = 4*l, 2*m - 190 = -4*l. Calculate the remainder when 742 is divided by m.
91
Suppose 2*c + 25 = l - 61, -3*l = 4*c - 238. What is the remainder when l is divided by ((-34)/(-8))/(-1)*-4?
14
Let b be (-1)/(-3) - (-3)/(-9). Suppose b = -4*t - t + 85. Let q(v) = v**2 + 1. Calculate the remainder when q(-7) is divided by t.
16
Let k = -86 - -91. Let n(r) = 2*r**2 - 6*r + 9. What is the remainder when 55 is divided by n(k)?
26
Suppose 4*u + 2*c = -2, 0 = -5*u - 2*c - 1 - 1. Let q = u + 14. What is the remainder when 48 is divided by q?
6
Let u = -1 - -4. Suppose -2*w - 2*t + 569 = -5*t, u*w - 846 = 3*t. Calculate the remainder when w is divided by 56.
53
Let p = 757 + 200. What is the remainder when p is divided by 24?
21
Suppose -27*k + 22*k + 80 = 0. What is the remainder when 991 is divided by k?
15
Suppose -90 = -4*x + 90. Let g = -701 - -713. Calculate the remainder when x is divided by g.
9
Let t(l) = 8*l**2 + 1. Let d(v) = -v**3 - 3*v**2 + 5*v + 2. Let c be d(-4). Let h be t(c). What is the remainder when (18/27)/(2/h) is divided by 3?
2
What is the remainder when 44 is divided by -5*42/245*-7?
2
Let q(w) = w**2 - 10. Suppose 20 = 5*v + 65. Calculate the remainder when q(v) is divided by 24.
23
Suppose 3*l = -l + 12. Suppose -3*h = -5*y, -h - y + l = -5. Suppose h*k = -25, -2*f + 21 = 6*k - 3*k. Calculate the remainder when 33 is divided by f.
15
Let u = -217 + 262. What is the remainder when u is divided by 26?
19
Calculate the remainder when (-21)/2*(-904)/12 is divided by 40.
31
Suppose q + 0 = -3, -5*q = -3*r + 252. Let f(v) = -15*v**2 + 0*v - v + 16*v**2. What is the remainder when r is divided by f(5)?
19
Suppose -42*t - 567 = -49*t. Let s(m) = 14*m**2 - 7*m. Let r(j) = -j**2 + j. Let x(z) = 7*r(z) + s(z). Calculate the remainder when t is divided by x(-2).
25
Calculate the remainder when 1 + 414 - (9 - (10 - 3)) is divided by 52.
49
Let y(k) = k**3 - 5*k**2 + 5*k - 4. Let a be y(4). Suppose 6*g + a*g = 186. Calculate the remainder when g is divided by 8.
7
Suppose 3*c = -5*n + 602, 0 = 3*c - 7*n + 9*n - 599. Calculate the remainder when c is divided by 51.
46
Suppose 1 = 4*d - 3*d. Calculate the remainder when 534/12 + d/2 + 0 is divided by 10.
5
Let c(v) = 2*v**2 + 37*v - 57. What is the remainder when 176 is divided by c(-21)?
32
Suppose 21*d = 71*d - 4900. Calculate the remainder when d is divided by 54.
44
Suppose 0 = 5*f - 3*t - 43, -2*t = -3*f + 2*f + 3. What is the remainder when 83 is divided by f?
6
Suppose 5*p - 3*p = 4. What is the remainder when 105 + (3 + (-21)/6)*p is divided by 35?
34
Let h(g) = 4*g**2 - 7*g - 6. Let w be h(5). Suppose 0 = 2*y - 3*p + 8*p - w, -22 = -y - p. Calculate the remainder when 81 is divided by y.
13
Let v = 13 - 4. Let s = v - 2. Calculate the remainder when 22 is divided by s.
1
Let z = 1032 - 1023. What is the remainder when 97 is divided by z?
7
Let f(y) = y**2 + 2*y + 4. Let l be f(0). Suppose -2*o + 24 = o + l*m, -42 = -4*o - 2*m. What is the remainder when o is divided by 3?
0
Suppose 0 = -7*v + 21 + 28. Calculate the remainder when 4 - 1/(-1)*v is divided by 8.
3
Suppose 218 = 3*c + 2*c - 3*v, -5*v = 5. What is the remainder when c is divided by -3 + 12 + 9 + (-6 - -3)?
13
Let s(z) = 15*z**2 - z. Let a(c) = -c**3 + 3*c**2 + 6*c - 9. Let x be a(4). What is the remainder when 47 i